 8 divide 1905141?
False
Is 3299384 a multiple of 19?
False
Is 20 a factor of 35561?
False
Is 4977720 a multiple of 80?
False
Is 333 a factor of 140526?
True
Does 14 divide 3265374?
True
Does 14 divide 1248422?
True
Does 363 divide 334485?
False
Is 1851606 a multiple of 27?
True
Is 17 a factor of 2076295?
True
Does 2 divide 2529171?
False
Is 83822 a multiple of 22?
False
Is 3 a factor of 147366?
True
Does 264 divide 729569?
False
Is 11853898 a multiple of 14?
True
Does 59 divide 271829?
False
Is 17 a factor of 1767?
False
Does 137 divide 1263003?
True
Does 16 divide 833536?
True
Does 23 divide 10148487?
False
Is 875083 a multiple of 11?
True
Is 199 a factor of 94690?
False
Is 2 a factor of 157413?
False
Is 34 a factor of 3126149?
False
Does 60 divide 16680?
True
Is 26270949 a multiple of 12?
False
Does 9 divide 33633?
True
Is 350 a factor of 354629?
False
Does 13 divide 457262?
True
Is 14 a factor of 206864?
True
Does 6 divide 6788076?
True
Does 108 divide 141480?
True
Is 2104399 a multiple of 11?
True
Is 325359 a multiple of 157?
False
Does 27 divide 2523047?
False
Is 373 a factor of 5184904?
False
Is 12080 a multiple of 8?
True
Is 15 a factor of 38066?
False
Does 1427 divide 2928204?
True
Is 23 a factor of 2654132?
False
Is 1350 a factor of 5925736?
False
Does 38 divide 229546?
False
Is 1674609 a multiple of 43?
False
Is 34 a factor of 21148?
True
Is 3714430 a multiple of 370?
True
Is 708682 a multiple of 281?
True
Is 3246103 a multiple of 61?
False
Is 282 a factor of 6611?
False
Does 46 divide 81052?
True
Is 7793 a multiple of 2?
False
Is 24 a factor of 3608976?
True
Is 6 a factor of 99690?
True
Is 168 a factor of 149408?
False
Is 27776 a multiple of 62?
True
Is 23219 a multiple of 112?
False
Is 21409234 a multiple of 14?
True
Is 486605 a multiple of 7?
True
Does 15 divide 158865?
True
Is 28 a factor of 73337?
False
Does 14 divide 817334?
True
Is 4737 a multiple of 3?
True
Does 145 divide 901755?
True
Does 3 divide 84770?
False
Is 1456061 a multiple of 29?
True
Does 25 divide 1851854?
False
Does 278 divide 2266457?
False
Is 2553179 a multiple of 146?
False
Does 28 divide 323917?
False
Does 7 divide 73225?
False
Is 205080 a multiple of 20?
True
Is 38 a factor of 31312?
True
Is 2 a factor of 129163?
False
Does 3 divide 19500?
True
Does 5 divide 334596?
False
Does 169 divide 60378?
False
Is 406674 a multiple of 32?
False
Does 19 divide 4907203?
False
Does 17 divide 4533?
False
Is 160 a factor of 2805440?
True
Does 9 divide 2281185?
True
Is 23 a factor of 943?
True
Does 109 divide 19184?
True
Does 832 divide 5224630?
False
Is 76979 a multiple of 75?
False
Is 131 a factor of 366623?
False
Is 88 a factor of 2953785?
False
Is 2 a factor of 34989?
False
Is 859 a factor of 207019?
True
Is 5556 a multiple of 65?
False
Does 92 divide 2150605?
False
Does 21 divide 25639?
False
Does 17 divide 189701?
False
Does 491 divide 14242?
False
Does 5 divide 111628?
False
Is 13 a factor of 1846556?
False
Is 46 a factor of 91908?
True
Is 111727 a multiple of 11?
True
Is 4808028 a multiple of 236?
True
Is 978282 a multiple of 34?
True
Does 7 divide 387729?
False
Is 24288 a multiple of 88?
True
Does 6 divide 328443?
False
Is 4107973 a multiple of 14?
False
Is 3 a factor of 82470?
True
Is 348 a factor of 11200400?
False
Is 12294777 a multiple of 11?
True
Is 4634467 a multiple of 89?
False
Is 237514 a multiple of 11?
False
Is 1007435 a multiple of 620?
False
Is 27 a factor of 5024883?
False
Is 73296 a multiple of 18?
True
Is 66799 a multiple of 25?
False
Is 511 a factor of 1044484?
True
Is 11687616 a multiple of 694?
False
Does 240 divide 128640?
True
Is 112889 a multiple of 7?
True
Does 924 divide 1418340?
True
Is 8 a factor of 1261632?
True
Does 387 divide 535608?
True
Is 14924815 a multiple of 1714?
False
Is 2 a factor of 4929?
False
Does 49 divide 817124?
True
Is 491292 a multiple of 18?
True
Is 11828941 a multiple of 51?
False
Does 605 divide 4919255?
True
Is 10 a factor of 295157?
False
Does 79 divide 64829?
False
Does 72 divide 5256936?
True
Does 259 divide 601657?
True
Does 44 divide 137192?
True
Is 38 a factor of 16569862?
True
Does 468 divide 4639284?
True
Is 9 a factor of 35433?
True
Is 245 a factor of 77338?
False
Does 17 divide 10403896?
False
Is 49308 even?
True
Is 96 a factor of 297299?
False
Is 1586 a factor of 12186101?
False
Does 150 divide 2075400?
True
Is 202788 a multiple of 258?
True
Is 98546 a multiple of 10?
False
Is 2444727 a multiple of 509?
True
Is 217922 a multiple of 32?
False
Does 373 divide 392879?
False
Does 34 divide 37017?
False
Is 7 a factor of 656418?
True
Does 35 divide 425950?
True
Is 5440605 a multiple of 70?
False
Is 3674784 a multiple of 303?
True
Is 13 a factor of 60983?
True
Is 1882928 a multiple of 16?
True
Is 76 a factor of 16937?
False
Is 86 a factor of 2410494?
True
Is 40 a factor of 45339?
False
Is 6 a factor of 57021?
False
Does 6 divide 270282?
True
Is 34 a factor of 407728?
True
Does 18 divide 2701854?
True
Is 68499 a multiple of 343?
False
Does 942 divide 772440?
True
Does 182 divide 60499?
False
Does 35 divide 837935?
True
Is 12383 a multiple of 153?
False
Is 3000714 a multiple of 71?
False
Is 934908 a multiple of 381?
False
Is 523 a factor of 63283?
True
Is 15 a factor of 245025?
True
Is 306390 a multiple of 70?
True
Does 157 divide 24546?
False
Is 52952 a multiple of 5?
False
Is 2012802 a multiple of 26?
False
Is 55 a factor of 8779210?
True
Does 55 divide 42694?
False
Does 8 divide 355080?
True
Is 797008 a multiple of 16?
True
Does 10 divide 2092060?
True
Does 54 divide 10292868?
False
Is 313209 a multiple of 39?
True
Is 9630516 a multiple of 36?
False
Is 906775 a multiple of 967?
False
Is 192863 a multiple of 78?
False
Does 205 divide 9802679?
False
Does 66 divide 146297?
False
Is 1048 a factor of 2225952?
True
Is 17 a factor of 2090371?
True
Does 24 divide 117148?
False
Does 54 divide 2194347?
False
Does 181 divide 264622?
True
Does 23 divide 8834475?
False
Does 160 divide 150227?
False
Is 1686988 a multiple of 116?
True
Is 11 a factor of 431519?
True
Is 102 a factor of 12324?
False
Does 307 divide 395281?
False
Is 656 a factor of 2426831?
False
Is 59522 a multiple of 11?
False
Does 105 divide 2000870?
False
Is 641277 a multiple of 609?
True
Is 21 a factor of 1398401?
False
Is 129 a factor of 296571?
True
Is 19 a factor of 12471258?
True
Does 367 divide 732773?
False
Is 22376746 a multiple of 46?
True
Is 95147 a multiple of 15?
False
Is 1282755 a multiple of 18?
False
Is 80915 a multiple of 21?
False
Is 494299 a multiple of 13?
True
Does 6 divide 1984362?
True
Is 57 a factor of 1395898?
False
Is 3 a factor of 12225?
True
Is 179 a factor of 257646?
False
Is 57638 a multiple of 23?
True
Is 12 a factor of 762420?
True
Does 28 divide 3971632?
True
Is 501284 a multiple of 561?
False
Does 11 divide 738397?
True
Does 115 divide 40209?
False
Is 4515604 a multiple of 2270?
False
Does 19 divide 993838?
False
Is 81530 a multiple of 263?
True
Is 5680701 a multiple of 69?
True
Is 92 a factor of 2554681?
False
Is 11 a factor of 136788?
False
Is 36897 a multiple of 49?
True
Does 64 divide 210432?
True
Does 594 divide 67716?
True
Does 172 divide 175612?
True
Is 285080 a multiple of 20?
True
Is 252996 a multiple of 116?
True
Is 9 a factor of 202509?
True
Is 2526 a factor of 3574290?
True
Is 196 a factor of 30526?
False
Is 755849 a multiple of 23?
True
Is 63012 a multiple of 58?
False
Is 2684913 a multiple of 197?
True
Does 15 divide 4115799?
False
Does 29 divide 917566?
False
Is 76909 a multiple of 7?
True
Is 28 a factor of 65442?
False
Is 92 a factor of 159130?
False
Is 958734 a multiple of 126?
True
Is 1763267 a multiple of 358?
False
Is 377178 a multiple of 74?
True
Does 17 divide 110747?
False
Is 141 a factor of 4742112?
True
Does 15 divide 3568455?
True
Is 1927585 a multiple of 55?
True
Is 80951 a multiple of 4?
False
Does 94 divide 6204094?
True
Does 16 divide 79728?
True
Is 162 a factor of 785376?
True
Is 21 a factor of 751906?
False
Does 150 divide 26018891?
False
Does 17 divide 161762?
False
Is 42 a factor of 136374?
True
Does 650 divide 2620282?
False
Is 535072 a multiple of 8?
True
Does 6 divide 1057432?
False
Does 2354 divide 6005146?
False
Is 144396 a multiple of 36?
True
Is 440 a factor of 4702611?
False
Is 8